{"id":10,"date":"2016-12-02T22:20:45","date_gmt":"2016-12-02T22:20:45","guid":{"rendered":"http:\/\/iemarcotobon.edu.co\/web\/?page_id=10"},"modified":"2019-06-13T11:19:10","modified_gmt":"2019-06-13T11:19:10","slug":"vision","status":"publish","type":"page","link":"http:\/\/iemarcotobon.edu.co\/web\/teleologia\/vision\/","title":{"rendered":"Visi\u00f3n"},"content":{"rendered":"<p style=\"text-align: justify;\">Para el a\u00f1o 2025 la Instituci\u00f3n Educativa Marco Tob\u00f3n Mej\u00eda ser\u00e1 reconocida en el \u00e1mbito local y regional como formadora de ciudadanos con calidad humana, creativos, innovadores, emprendedores, aut\u00f3nomos y cr\u00edticos, l\u00edderes en el desarrollo art\u00edstico y tecnol\u00f3gico, con capacidades para solucionar problemas, para el manejo de una segunda lengua y la conservaci\u00f3n del medio ambiente, contribuyendo as\u00ed a su realizaci\u00f3n personal y laboral.<\/p>\n","protected":false},"excerpt":{"rendered":"<p>Para el a\u00f1o 2025 la Instituci\u00f3n Educativa Marco Tob\u00f3n Mej\u00eda ser\u00e1 reconocida en el \u00e1mbito local y regional como formadora de ciudadanos con calidad humana, creativos, innovadores, emprendedores, aut\u00f3nomos y cr\u00edticos, l\u00edderes en el desarrollo art\u00edstico y tecnol\u00f3gico, con capacidades para solucionar problemas, para el manejo de una segunda lengua y la conservaci\u00f3n del medio [&hellip;]<\/p>\n","protected":false},"author":1,"featured_media":0,"parent":323,"menu_order":3,"comment_status":"closed","ping_status":"closed","template":"","meta":{"footnotes":""},"class_list":["post-10","page","type-page","status-publish","hentry"],"_links":{"self":[{"href":"http:\/\/iemarcotobon.edu.co\/web\/wp-json\/wp\/v2\/pages\/10","targetHints":{"allow":["GET"]}}],"collection":[{"href":"http:\/\/iemarcotobon.edu.co\/web\/wp-json\/wp\/v2\/pages"}],"about":[{"href":"http:\/\/iemarcotobon.edu.co\/web\/wp-json\/wp\/v2\/types\/page"}],"author":[{"embeddable":true,"href":"http:\/\/iemarcotobon.edu.co\/web\/wp-json\/wp\/v2\/users\/1"}],"replies":[{"embeddable":true,"href":"http:\/\/iemarcotobon.edu.co\/web\/wp-json\/wp\/v2\/comments?post=10"}],"version-history":[{"count":3,"href":"http:\/\/iemarcotobon.edu.co\/web\/wp-json\/wp\/v2\/pages\/10\/revisions"}],"predecessor-version":[{"id":1920,"href":"http:\/\/iemarcotobon.edu.co\/web\/wp-json\/wp\/v2\/pages\/10\/revisions\/1920"}],"up":[{"embeddable":true,"href":"http:\/\/iemarcotobon.edu.co\/web\/wp-json\/wp\/v2\/pages\/323"}],"wp:attachment":[{"href":"http:\/\/iemarcotobon.edu.co\/web\/wp-json\/wp\/v2\/media?parent=10"}],"curies":[{"name":"wp","href":"https:\/\/api.w.org\/{rel}","templated":true}]}}