{"id":355,"date":"2017-02-17T12:36:58","date_gmt":"2017-02-17T12:36:58","guid":{"rendered":"http:\/\/iemarcotobon.edu.co\/web\/?page_id=355"},"modified":"2021-07-22T12:26:14","modified_gmt":"2021-07-22T12:26:14","slug":"la-munoz","status":"publish","type":"page","link":"http:\/\/iemarcotobon.edu.co\/web\/la-munoz\/","title":{"rendered":"La Mu\u00f1oz"},"content":{"rendered":"<p><img loading=\"lazy\" decoding=\"async\" class=\"aligncenter wp-image-3048 size-large\" src=\"http:\/\/iemarcotobon.edu.co\/web\/wp-content\/uploads\/2021\/07\/WhatsApp-Image-2021-07-21-at-11.42.22-AM-1024x768.jpeg\" alt=\"\" width=\"696\" height=\"522\" srcset=\"http:\/\/iemarcotobon.edu.co\/web\/wp-content\/uploads\/2021\/07\/WhatsApp-Image-2021-07-21-at-11.42.22-AM-1024x768.jpeg 1024w, http:\/\/iemarcotobon.edu.co\/web\/wp-content\/uploads\/2021\/07\/WhatsApp-Image-2021-07-21-at-11.42.22-AM-300x225.jpeg 300w, http:\/\/iemarcotobon.edu.co\/web\/wp-content\/uploads\/2021\/07\/WhatsApp-Image-2021-07-21-at-11.42.22-AM-768x576.jpeg 768w, http:\/\/iemarcotobon.edu.co\/web\/wp-content\/uploads\/2021\/07\/WhatsApp-Image-2021-07-21-at-11.42.22-AM.jpeg 1280w\" sizes=\"auto, (max-width: 696px) 100vw, 696px\" \/><\/p>\n<p style=\"text-align: justify;\">Se encuentra ubicada en un sitio estrat\u00e9gico a borde de carretera en la v\u00eda Santa Rosa- Entrerr\u00edos a una distancia de 10 km aproximadamente de la cabecera municipal y a 6 km del municipio de Entrerr\u00edos. Dentro de la reorganizaci\u00f3n de las Instituciones educativas del municipio, se convierte en sede de la Instituci\u00f3n Educativa Marco Tob\u00f3n Mej\u00eda. Para la construcci\u00f3n de \u00e9sta colaboraron los sacerdotes Lisandro Guerra, Monse\u00f1or Rodrigo Lopera Gil y el colegio San Luis Beltr\u00e1n de Entrerr\u00edos. En la actualidad se imparte educaci\u00f3n con modalidad de Escuela Nueva del grado primero al grado quinto; como tambi\u00e9n potsprimaria rural para los grados sexto a noveno. Se cuenta con amplias zonas para realizar actividades deportivas y recreativas, donde en ocasiones se realizan integraciones con las dem\u00e1s veredas aleda\u00f1as.<\/p>\n","protected":false},"excerpt":{"rendered":"<p>Se encuentra ubicada en un sitio estrat\u00e9gico a borde de carretera en la v\u00eda Santa Rosa- Entrerr\u00edos a una distancia de 10 km aproximadamente de la cabecera municipal y a 6 km del municipio de Entrerr\u00edos. Dentro de la reorganizaci\u00f3n de las Instituciones educativas del municipio, se convierte en sede de la Instituci\u00f3n Educativa Marco [&hellip;]<\/p>\n","protected":false},"author":1,"featured_media":0,"parent":0,"menu_order":0,"comment_status":"closed","ping_status":"closed","template":"","meta":{"footnotes":""},"class_list":["post-355","page","type-page","status-publish","hentry"],"_links":{"self":[{"href":"http:\/\/iemarcotobon.edu.co\/web\/wp-json\/wp\/v2\/pages\/355","targetHints":{"allow":["GET"]}}],"collection":[{"href":"http:\/\/iemarcotobon.edu.co\/web\/wp-json\/wp\/v2\/pages"}],"about":[{"href":"http:\/\/iemarcotobon.edu.co\/web\/wp-json\/wp\/v2\/types\/page"}],"author":[{"embeddable":true,"href":"http:\/\/iemarcotobon.edu.co\/web\/wp-json\/wp\/v2\/users\/1"}],"replies":[{"embeddable":true,"href":"http:\/\/iemarcotobon.edu.co\/web\/wp-json\/wp\/v2\/comments?post=355"}],"version-history":[{"count":4,"href":"http:\/\/iemarcotobon.edu.co\/web\/wp-json\/wp\/v2\/pages\/355\/revisions"}],"predecessor-version":[{"id":3050,"href":"http:\/\/iemarcotobon.edu.co\/web\/wp-json\/wp\/v2\/pages\/355\/revisions\/3050"}],"wp:attachment":[{"href":"http:\/\/iemarcotobon.edu.co\/web\/wp-json\/wp\/v2\/media?parent=355"}],"curies":[{"name":"wp","href":"https:\/\/api.w.org\/{rel}","templated":true}]}}